t t be (-16 + 1)*-6*(-2)/(-18). Calculate s(t).
3
Let f(r) = r**3 - 8*r**2 - 10*r + 1. Suppose c + 58*h - 53*h = -6, 3*c = 2*h + 33. What is f(c)?
-8
Let j be 2/(-2) + -1 - -11. Let x(u) = -9*u - u**3 + 0*u**3 + 33 + j*u**2 + 36 - 67. What is x(8)?
-6
Let j(h) = -6*h + 2. Let k = 37 - 29. Let x(w) = w - 11. Let c be x(k). Determine j(c).
20
Let j(g) be the third derivative of -g**6/360 - g**5/20 - g**4/4 - 11*g**3/6 + 12*g**2. Let a(n) be the first derivative of j(n). Calculate a(-5).
-1
Let d(p) = p. Suppose -4*h + 28 = 10*x - 8*x, 3*x + 6 = 0. Give d(h).
8
Let p(o) = -o - 1. Let d be 6/2 + (33 - -4). Suppose -d - 26 = 3*c. Let q be (-4)/c + 24/(-11). Calculate p(q).
1
Let g(u) = -5*u + 21*u - 14*u - 5. Suppose 0 = -2*b + 7*b - 30. Give g(b).
7
Let g(l) = 7*l - 10. Let z(w) = -3*w + 5. Let b(f) = -4*g(f) - 9*z(f). Let v(d) = -d - 11. Let y be v(-9). Let j be (-2)/(-2*y/(-12)). Calculate b(j).
-11
Let z = 926 - 918. Let x(f) be the first derivative of 1/2*f**2 + z + f + 8/3*f**3. Give x(-1).
8
Let r(q) = -q + 4. Let c(w) = 3*w**3 + w**2. Let y be ((-1)/(-4))/((-4)/(-16)). Let v be c(y). Suppose 6*t + v*u = 2*t, -t = -3*u. Give r(t).
4
Suppose w - 2 = -4*b - 12, b - 3 = -3*w. Let g(c) = -3*c**w + 2 + 6*c**2 + 6*c - 2*c. Calculate g(-2).
6
Let m be (0 - -2)*(-9)/6. Let g(r) = -3*r**2 - 5*r - 7. Let i(n) = -2*n**2 - 4*n - 6. Let t(q) = m*g(q) + 4*i(q). Let z be 0*((-4)/(-24)*-3 - -1). Give t(z).
-3
Let z(m) = 2*m**3 + m**2 + m + 3. Let u(s) = 9*s**3 + 8*s**2 - s + 11. Let l(o) = u(o) - 4*z(o). Give l(-4).
19
Let m = -79 + 84. Suppose 5*b + 45 = m*y, 4*y - 25 = 3*b + 2*y. Let a(j) = j**2 + 5*j - 8. Give a(b).
6
Let o(t) = t + 51 - 32 + 8. Determine o(-21).
6
Let m = -4432 + 4427. Let l(t) be the first derivative of t**5/60 + t**4/8 - 7*t**3/6 + t**2/2 + 1. Let g(z) be the second derivative of l(z). Give g(m).
3
Let o be (18/(-48)*2)/((-3)/(-8)). Let d(l) = l**2 + 1. What is d(o)?
5
Let s(b) = 4*b - 10. Let k be s(3). Let q(m) = 36*m**3 - 4*m - 7*m**k + 8 - 37*m**3 + m. Give q(-6).
-10
Let t(s) = -17*s**3 - 5*s**2 + 9*s - 20. Let w(b) = -9*b**3 - 3*b**2 + 5*b - 11. Let f(v) = 6*t(v) - 11*w(v). Let k = -10 - -4. Let c = 8 + k. Calculate f(c).
-13
Let o = -2 + 8. Let q(m) = -15*m + 126*m**2 + 23*m - 5 - 127*m**2. Determine q(o).
7
Let z = -53 - -50. Let f(b) = 2*b**3 + 3*b**2 - 4*b. Determine f(z).
-15
Let n(j) = 86*j + 1. Let m be n(-1). Suppose 5*k + 5*l = -235, 5*k + 239 = -3*l - l. Let w be (-18)/(-5)*m/k. Let r(g) = -g**2 + 7*g + 5. Determine r(w).
11
Let n(u) = -2*u - 2*u - 3*u + u**2 + 6*u - 3 + u**3. Suppose m + 25 = 6*m. Let v = m - 5. What is n(v)?
-3
Let f be 1*-1*1*(23 - 25). Let z = 6 + -4. Let g(n) = n**3 - n**2 + 3*n - n - 3*n**z + 2. Calculate g(f).
-2
Let f(t) = -3 - 33 - t**2 + 11*t + 35. Determine f(10).
9
Let f(l) = -3*l + 5. Let o(w) = w**2 + 13*w - 5. Let u be o(-11). Let s = 31 + u. Calculate f(s).
-7
Let y(i) = 8*i - 6. Let s(q) = -q - 1. Suppose 3*j - 1 = -7, -3*b - 5*j - 28 = 0. Let g be (2/(-16))/((-11)/88). Let h(r) = b*s(r) + g*y(r). Give h(-1).
-14
Let w = 3 + 9. Let j = w + -16. Let u = j - 1. Let x(f) = f**3 + 6*f**2 + 6*f - 5. Calculate x(u).
-10
Let h(l) be the first derivative of -5*l**2/2 + 5*l - 1. Suppose -80 = -6*t + 26*t. What is h(t)?
25
Let n(z) be the second derivative of -z**4/12 - 5*z**3/6 - 4*z**2 - 67*z. Let d(a) = -a**3 + 5*a**2 + 6*a - 6. Let c be d(6). Give n(c).
-14
Let a(k) = k + 3. Suppose -7*v + 6 = -22. Let s be 1 - (-6)/4*(0 - v). Give a(s).
-2
Let r(q) = -2921*q + 1 + 1463*q + 1459*q. Determine r(15).
16
Suppose -18 = -7*y + y. Suppose o = y*o - 4. Let k(m) = 6*m - o*m + m**2 - 2*m**2. Determine k(4).
0
Suppose 0 = -524*o + 525*o - 5. Let y be (-2 - -4)/(1/2). Let a(w) = y*w**2 + 4*w + 5 - w**3 - 2 + w. Give a(o).
3
Let a = -279 - -281. Let b(y) be the third derivative of -1/24*y**4 + 5*y**a + 7/6*y**3 + 0 + 0*y. Give b(3).
4
Suppose -3*c - 41 = -29. Let v(b) = 2*b + 4. Determine v(c).
-4
Let u(t) be the second derivative of -3*t + 2/3*t**3 + 1/60*t**5 - 3/2*t**2 + 0 - 7/24*t**4. Let m(q) be the first derivative of u(q). Determine m(6).
-2
Let g(m) = -m**3 + 5*m**2 - 2*m. Let c be (-2)/(-3) + (-4)/6. Suppose 0 = -2*x - c*x + 18. Let y = -5 + x. Give g(y).
8
Let r(b) be the second derivative of -b**3/6 + 2*b**2 - 180*b. Calculate r(-7).
11
Let b be ((-17)/(-6) - 3) + (-188)/24. Let i = b + 8. Let u(y) = y**2 - y + 19. Give u(i).
19
Suppose -4*n + 0 - 20 = 0. Suppose 10 = 5*u + 5*w, -3*u - 5*w = -8*u + 30. Let s(y) = 8*y + 4*y**2 - y**3 - u*y**2 + 7 - 4*y**2. Determine s(n).
-8
Let t = 65 - 74. Suppose 5*r = 3*b + 67, 4*b = 4*r - 10 - 50. Let h = t + r. Let j(u) = u**3 - 4*u**2 + 2*u - 3. What is j(h)?
-7
Let o(t) = -7*t**2. Let d be -9 - 3/9*0. Let l(y) = -y**3 - 9*y**2 + y + 13. Let s be l(d). Suppose 0*p = -p - 1, 2*h + s*p + 6 = 0. What is o(h)?
-7
Let t(p) = 2*p**3 - 2*p**2 - 2*p - 2. Let b be 912/(-10) - (-12)/(-15). Let c = 95 + b. Determine t(c).
28
Let q(a) be the second derivative of a**4/12 - 5*a**3/6 - 2*a**2 + 18*a. Calculate q(6).
2
Let m(z) = -z**3 + z**2 + 3*z + 6. Let x = -2353 + 2357. What is m(x)?
-30
Let j be 6 - 4 - ((-64)/12)/(-4). Let a(i) be the third derivative of j*i**3 + 0 - 2*i**2 + 0*i - 1/24*i**4. Determine a(3).
1
Let g(s) be the first derivative of -s**3/3 - 11*s**2/2 - 10*s + 5. Let m be g(-9). Let o(i) = -i**2 + 8*i + 11. Calculate o(m).
11
Let y(l) be the first derivative of l**2/2 + 5*l - 1. Let o(h) = -3*h**2 - h + 24. Let a be o(3). Determine y(a).
-1
Let v(y) = -y**2 + 18*y - 10. Let j be v(0). Let m(s) = s**3 + 9*s**2 - 13*s - 5. Calculate m(j).
25
Let l = 474 + -476. Let i(g) = -6*g**2 - 3*g - 2. Calculate i(l).
-20
Let i(n) = -2*n**2 + 2*n + 2. Let a be 1/(-3 + 1 - -1). Let c be -6 + (0 - a - 3). Let f be 4/c*0 + 2. What is i(f)?
-2
Let u(l) = -l**3 + 4*l**2 + 3*l + 1. Let f be (3 + -7 + 3)*-11. Let j(n) = -2*n**2 + 4*n - 3. Let a be j(2). Let w be (f - 1)/(-1 - a). Calculate u(w).
-9
Let b(n) = 2*n**2 + 9*n + 1. Suppose -v - 1 = 0, -5*v + 23 + 2 = -5*h. What is b(h)?
19
Let k(a) = 4*a**3 + 8*a**3 - 5 - a**2 + 4 + 2*a - 5*a**3. Suppose -f = -3, 2 = 5*h + f - 11. Suppose 0 = h*u - 7*u + 5. Give k(u).
7
Let p = -47 + 39. Let a = 12 + p. Let k(v) = v**2 - 4*v - 1. Calculate k(a).
-1
Let h(t) = t + 8. Let n be h(-5). Let q(c) be the third derivative of c**4/24 - 7*c**3/6 - 1400*c**2. Calculate q(n).
-4
Let l(g) = 2 - g**2 + 3*g - 4*g**2 + g**3 - 2*g - 6. Suppose -5*c - 3*u - 6 = -37, 5*u = 5*c - 15. What is l(c)?
1
Let b(k) = 36 - 36 + k. Let q(c) = -4*c. Let n(u) = -9*b(u) - 2*q(u). Let h(r) = r**3 + 6*r**2 + 4*r - 6. Let o be h(-5). Determine n(o).
1
Let r = 18 + -9. Let p(w) = -r*w + 2 - 4 - w**3 + 0*w**2 - 7*w**2 - 7. Let g(l) = 7*l + 1. Let t be g(-1). What is p(t)?
9
Let g(s) = s**3 - 4*s**2 - 4*s - 4. Suppose -4*l + 4 = 0, -3*l = 3*h - 15 + 3. Suppose 0 = h*n - 13 - 2. Calculate g(n).
1
Suppose -4*d + 40 = -4*g, d + 7*g - 2*g = -20. Let r(y) = -y**2 + 7*y - 12. What is r(d)?
-2
Let d(r) be the first derivative of 2/3*r**3 - r**2 + 3*r + 5. Let p(w) = -w**2 + 6*w + 9. Let a be p(7). Calculate d(a).
7
Let h(f) = -6. Let r(n) = -n - 5. Let q(d) = h(d) - r(d). Determine q(7).
6
Suppose 0 = x - 5*w + 5, -2*w = 5*x + 42 - 17. Let a(n) = -n**2 - 4*n + 7. Let g be a(-5). Let h(v) = 9 - g + 5*v + 0*v - v. Determine h(x).
-13
Let b(h) = -5*h**3 + 7*h**2 - 15*h + 1. Let j(o) = -8*o**3 + 15*o**2 - 29*o + 1. Let k(u) = -5*b(u) + 3*j(u). What is k(-11)?
9
Let a(j) be the first derivative of -j**2/2 + 4*j - 367. Calculate a(-7).
11
Let k(w) = w**2 - w - 2. Let v be k(3). Let b(s) = -s**2 - 6*s + 7 - 8*s - 4 + 19*s. Determine b(v).
7
Let a(t) = 5. Let s(f) = f - 20. Let c(g) = -6*a(g) - s(g). Give c(0).
-10
Let d(a) = a**3 - 3*a**2 - 6*a + 1. Let y be d(4). Let g(o) = -8*o + 121. Let l(t) = 6*t - 85. Let r(s) = 5*g(s) + 7*l(s). Calculate r(y).
-4
Let x be (-8 + 0)*-2*5/(-20). Let d(y) be the third derivative of 1/24*y**4 - 1/6*y**3 + 0*y + 0 - 3*y**2. What is d(x)?
-5
Let r(w) be the third derivative of w**4/24 + w**3/3 - 96*w**2. Give r(2).
4
Let k(c) = -c**3 - 5*c**2 + 7. Let p be 6/4*30/9. Suppose 0 = p*v + 61 - 36. What is k(v)?
7
Let a(p) = -14*p - 266. Let o be a(-20). Let y(q) = q**3 - 13*q**2 - 16*q + 21. What is y(o)?
-7
Suppose -5*c = -11*c + 84. Suppos